e number?
False
Is 1482458191 prime?
False
Is 178167817 a composite number?
False
Is 179366069 composite?
False
Is 41775400969 a prime number?
True
Is 16689745759 a prime number?
False
Is 31326622 prime?
False
Is 56314862363 prime?
True
Is 1222103591 composite?
True
Is 38480431091 composite?
True
Is 72629720203 a prime number?
True
Is 158492263 a prime number?
False
Is 28415371651 a prime number?
False
Is 6923330593 composite?
False
Is 117292495105 prime?
False
Is 108324178657 prime?
False
Is 865962407 a composite number?
True
Is 82540787 a composite number?
True
Is 8496118597 prime?
True
Is 2699364667 a composite number?
True
Is 32500781 a composite number?
False
Is 1393096673 a composite number?
True
Is 5608934861 a composite number?
False
Is 22328568083 a prime number?
False
Is 2690400799 a prime number?
False
Is 357809667 a composite number?
True
Is 2477951533 a prime number?
False
Is 3687501563 prime?
True
Is 8894067953 a composite number?
False
Is 140386079 a composite number?
True
Is 853516337 prime?
True
Is 10877592113 composite?
False
Is 6241352573 composite?
True
Is 253153733 a composite number?
True
Is 886713781 a composite number?
False
Is 11217221621 a prime number?
True
Is 6787751401 a prime number?
True
Is 97814383 a composite number?
False
Is 298834043 a composite number?
False
Is 307188169 a composite number?
False
Is 3891700313 a prime number?
True
Is 100489958137 a composite number?
True
Is 22062003 a prime number?
False
Is 9432120601 a composite number?
False
Is 48465985489 composite?
False
Is 122897323 a prime number?
True
Is 1681826057 a composite number?
False
Is 15602054609 composite?
True
Is 4918901059 composite?
False
Is 65040499 composite?
False
Is 6553639691 composite?
True
Is 84640525649 a composite number?
False
Is 2955905339 a prime number?
True
Is 1367140223 prime?
False
Is 300997079 prime?
True
Is 285582881641 a prime number?
True
Is 8841056387 a composite number?
False
Is 25076939179 prime?
True
Is 11342495597 a prime number?
True
Is 664571489 a composite number?
True
Is 35636288683 a prime number?
True
Is 1398728369 a prime number?
True
Is 2224181191 composite?
True
Is 379461257 prime?
False
Is 732561733 a prime number?
True
Is 6546820831 a composite number?
False
Is 605619841 a composite number?
False
Is 148837294555 composite?
True
Is 12346386571 a prime number?
True
Is 19490642971 composite?
False
Is 468714151 a prime number?
False
Is 2504520079 a composite number?
True
Is 29131188211 prime?
True
Is 431938063 a composite number?
True
Is 76945448413 composite?
True
Is 23909639519 composite?
True
Is 270094789 a composite number?
False
Is 52765835051 a prime number?
True
Is 9663680743 a composite number?
False
Is 697227653 prime?
True
Is 62020001 prime?
True
Is 7251474043 a prime number?
False
Is 1622128093 prime?
False
Is 5776469981 composite?
True
Is 949453303 a composite number?
False
Is 14941749481 a prime number?
False
Is 293992381 a prime number?
True
Is 2837956549 prime?
False
Is 4560929941 a composite number?
False
Is 7550131557 composite?
True
Is 3103471927 prime?
False
Is 3827791343 a prime number?
False
Is 580812581 a composite number?
False
Is 526476971 a composite number?
True
Is 150304621 a prime number?
False
Is 777246499 composite?
False
Is 254895653 a prime number?
False
Is 15960596053 a prime number?
False
Is 203374877 composite?
False
Is 2987629237 a prime number?
True
Is 7042241861 a prime number?
False
Is 3147347123 prime?
False
Is 14503453 a composite number?
True
Is 171018613 a composite number?
False
Is 4487648527 a composite number?
True
Is 2641153087 composite?
True
Is 331959239 a prime number?
False
Is 3326143937 composite?
False
Is 558224797 composite?
True
Is 1497870669 a prime number?
False
Is 2293402609 prime?
False
Is 29100455261 a composite number?
True
Is 631200842 a composite number?
True
Is 2945046521 a composite number?
False
Is 875646703 a prime number?
False
Is 4090860005 a prime number?
False
Is 16659235909 prime?
True
Is 52118827 composite?
True
Is 18352207571 composite?
False
Is 6007744151 prime?
True
Is 2256382867 prime?
False
Is 23294350187 prime?
True
Is 680384099 prime?
True
Is 533018347 a prime number?
False
Is 5852427407 composite?
True
Is 2972966015 prime?
False
Is 366634201 prime?
False
Is 21694341503 composite?
False
Is 220463033231 a prime number?
False
Is 326030413 a composite number?
True
Is 18326433067 a prime number?
False
Is 9097424689 composite?
False
Is 127547301019 a prime number?
True
Is 256059031 prime?
True
Is 97318966574 prime?
False
Is 2402936599 a composite number?
True
Is 369778823 prime?
False
Is 14996398181 composite?
False
Is 21296515739 composite?
True
Is 11201335043 a prime number?
False
Is 2834134283 a prime number?
False
Is 2777845739 composite?
False
Is 11970056393 a prime number?
True
Is 13236001637 prime?
False
Is 202825939 a composite number?
False
Is 591170439 composite?
True
Is 19945122661 a prime number?
True
Is 5209326077 a prime number?
False
Is 403968461 composite?
True
Is 494088733 composite?
False
Is 556667249 prime?
True
Is 48670602121 prime?
False
Is 69881707 a prime number?
False
Is 2390432777 a composite number?
True
Is 305300687 a composite number?
False
Is 647787242 composite?
True
Is 6997622533 a prime number?
False
Is 38400687089 a prime number?
False
Is 45908273183 a prime number?
True
Is 37749559223 prime?
True
Is 60264271 composite?
True
Is 969976187 a composite number?
True
Is 388002023 composite?
False
Is 63482257261 a composite number?
False
Is 4022712263 a composite number?
False
Is 3705813247 prime?
True
Is 1511114347 a prime number?
True
Is 707317603 prime?
True
Is 1443284013 a composite number?
True
Is 2738764091 a composite number?
True
Is 2181893447 composite?
False
Is 3677005817 composite?
False
Is 6509671699 composite?
True
Is 54880843 a prime number?
True
Is 161109097 a composite number?
True
Is 113782337 composite?
False
Is 15239604487 a prime number?
False
Is 27015177043 a prime number?
False
Is 2680262837 prime?
False
Is 19888475329 prime?
True
Is 645195371 prime?
True
Is 11848056559 a prime number?
False
Is 925931939 prime?
False
Is 4604943677 composite?
False
Is 28698119887 composite?
True
Is 78103675853 a composite number?
True
Is 855139045 prime?
False
Is 417560327 a composite number?
True
Is 9906900369 a prime number?
False
Is 2107330063 composite?
False
Is 2544263957 composite?
True
Is 31289692537 a composite number?
True
Is 3934281667 prime?
True
Is 1654058863 a prime number?
True
Is 1726658509 a prime number?
False
Is 15159716763 a prime number?
False
Is 239909230399 a composite number?
False
Is 7492512299 composite?
True
Is 3691649527 a composite number?
False
Is 636626411 a prime number?
False
Is 67503537379 a composite number?
False
Is 75150520259 prime?
True
Is 729929297 a composite number?
True
Is 21997733869 composite?
True
Is 2349489985 a prime number?
False
Is 3726953411 a composite number?
True
Is 55301593 a prime number?
True
Is 244965047 a prime number?
True
Is 13368103453 prime?
True
Is 36285385493 prime?
False
Is 4151679131 prime?
True
Is 410878199 a composite number?
False
Is 373589899 a prime number?
True
Is 12662294719 prime?
False
Is 6490556153 a composite number?
False
Is 178228634 a composite number?
True
Is 67481411 a prime number?
False
Is 400383689 a composite number?
False
Is 187637240137 a prime number?
False
Is 96545925907 prime?
False
Is 263603371 composite?
True
Is 118371119 composite?
True
Is 87188374709 a prime number?
True
Is 4534337 a composite number?
True
Is 61213879453 a prime number?
False
Is 2058301813 prime?
False
Is 5897170321 prime?
False
Is 2246063753 a prime number?
True
Is 854345117 composite?
False
Is 7431264713 prime?
True
Is 1826356109 prime?
False
Is 809846903 a prime number?
True
Is 29435150503 a composite number?
True
Is 32985045199 a composite number?
True
Is 16274018503 a composite number?
True
Is 32843612471 a prime number?
False
Is 396010313 a prime number?
False
Is 354499459 prime?
False
Is 2553849859 a composite number?
True
Is 21649116943 a prime number?
True
Is 3363434771 a prime number?
False
Is 52007131993 a prime number?
False
Is 175929833 a prime number?
False
Is 50483986117 prime?
True
Is 166902097 a composite number?
True
Is 